1
Suppose 0 = 5*q - 5, 2*k + 0*q = 5*q - 5. Suppose k*p + 125 = 5*p. Let t = 3 + p. Calculate the remainder when t is divided by 10.
8
Suppose -2*s - 2*s + 20 = 0. Suppose -s*l + 45 = -15. Calculate the remainder when 34 is divided by l.
10
Let k = -112 + 130. What is the remainder when k is divided by 8?
2
Let z(r) = 3*r - 3. Calculate the remainder when (1 + 3)*(0 - -1) is divided by z(2).
1
Suppose -q + 2*t = -7, 0 = -9*q + 4*q + t + 62. Suppose -6*y + 2*y = -96. What is the remainder when y is divided by q?
11
Suppose -3*j - 5*w + 35 = 0, 0 = w - 0*w + 2. Calculate the remainder when j is divided by 8.
7
Let f(c) = 2*c + 3. What is the remainder when 32 is divided by f(2)?
4
Calculate the remainder when -3 - (2/3 + (-357)/9) is divided by 13.
10
Suppose 0 = l - h - 44, -4*l - 4*h + 62 = -90. Let a = 34 + -20. Calculate the remainder when l is divided by a.
13
Suppose 4*h - 2*v - 112 = 0, -2*h + 3*v = -v - 62. Let j = 27 + -17. Calculate the remainder when h is divided by j.
7
Suppose -5*r + 4*z = z + 38, 0 = -2*z + 2. Let f = r + 19. Calculate the remainder when 35 is divided by f.
11
Let w(i) = i**3 + 7*i**2 + 4*i. Let s be w(-6). Let v be (-1)/(-4) + (-51)/s. What is the remainder when 9 is divided by v/2 + 9 + -2?
4
Suppose 0 = 3*p + 4 - 1. What is the remainder when 17 is divided by p/(-2)*-10*-2?
7
Suppose -5*v + 2*o = -100, -16 = -4*o + 4. Calculate the remainder when v is divided by 18/(-10)*180/(-27).
10
Suppose 3*y + 378 = 5*q, -3*q + y + 3*y + 218 = 0. Calculate the remainder when q is divided by 27.
24
Let v = -26 - -106. What is the remainder when v is divided by 42?
38
Suppose -3 = 3*g - 0. What is the remainder when (g/(-2))/(6/84) is divided by 4?
3
Suppose 5*v - 24 = 8*v. Let k(b) = -13*b - 11. What is the remainder when k(v) is divided by 24?
21
Let s(c) = -12*c**3 - 2*c**2 - c. What is the remainder when s(-1) is divided by (-1)/((-2)/12) - 0?
5
Suppose 2*u + 0*u - 4 = 0. Suppose 3*s + u*n - 5*n - 33 = 0, 0 = 4*s + 2*n - 74. What is the remainder when s is divided by 9?
7
Suppose -21*q - 90 = -30*q. What is the remainder when 38/(-3)*(-3)/1 is divided by q?
8
What is the remainder when (-6)/(-36) - 346/(-12) is divided by 15?
14
Suppose 15 = 4*b - b. Suppose 0 = -3*v + b*v. Suppose k - h - 4*h = 29, v = -5*h - 25. Calculate the remainder when k is divided by 3.
1
Suppose 0 = z - 2*z - 1. Let s = z - -10. Calculate the remainder when s is divided by 7.
2
What is the remainder when (49 - (-4 - -8)) + -2 is divided by 23?
20
Let a(l) = 5*l - 18. Let v be (-40)/(-4) + (-2 - -1). Calculate the remainder when 53 is divided by a(v).
26
Suppose -h + 0*h + 65 = 5*m, 0 = -4*m + 5*h + 23. Suppose 49 = -3*l + 187. What is the remainder when l is divided by m?
10
Let u = 10 + 0. Let c(f) = -2*f + 1. What is the remainder when u is divided by c(-3)?
3
Calculate the remainder when 32 is divided by (8/(-24))/((-2)/66).
10
Let g(l) = -9*l - 46. What is the remainder when 36 is divided by g(-6)?
4
Suppose -4*c + 5*t = -5*c + 15, -7 = -3*c + 4*t. Let y(o) = -2*o**2 + 6*o + o**2 + 3*o**2. What is the remainder when y(-4) is divided by c?
3
Let i(u) = -u + 12. Let c be i(13). Calculate the remainder when 19 is divided by c - -2 - (2 - 12).
8
Suppose -3*x - 86 = -x + 4*g, g + 179 = -4*x. Let a = -27 - x. Calculate the remainder when a is divided by 7.
4
Let k(x) = -4 + 0*x + 16*x + x. What is the remainder when k(2) is divided by 13 - (-1 - (-1 - 2))?
8
Suppose -25 - 21 = -3*t - 2*n, -3*t = -4*n - 52. What is the remainder when 94 is divided by t?
14
Let u(n) = n. Let f be u(-2). Let j be 0 - (f - (1 + 1)). Calculate the remainder when 10/j*(-2)/(-1) is divided by 2.
1
Let u(a) = -9 + 3 + a**2 + 5*a - 3*a. Let x = 19 - 9. What is the remainder when u(-6) is divided by x?
8
Suppose 9*u - 3*u = 90. Calculate the remainder when 1 - (-25 + -2*1) is divided by u.
13
Calculate the remainder when -2 + (-4)/8 + 58/4 is divided by 10.
2
Suppose 5*f - 14 = 2*m, -5*m + 3*f - 4 = 12. Calculate the remainder when 91*m/(-8)*4 is divided by 23.
22
Suppose 4*z + 141 = 7*z. Calculate the remainder when z is divided by 25.
22
Let g(k) = -k**3 - 6*k**2 - 8*k - 10. Let u be g(-4). Let d = -13 - 2. Let x = u - d. What is the remainder when x is divided by 3?
2
Suppose -35 = -2*c + 3*f, 4*f + 6 = -c - 4. Suppose p - 44 = 2*l - p, 2*p - 90 = 4*l. Let n = 5 - l. Calculate the remainder when n is divided by c.
8
Suppose 3*d - 43 = -4*i, -2*i + 14 = 2*d - 8. What is the remainder when 22 is divided by i?
2
Suppose x = -g - 0*x + 10, 2*x = -4*g + 32. Calculate the remainder when 20 is divided by g.
2
Calculate the remainder when 2/7 + 4200/49 is divided by 44.
42
Suppose -14*y - 204 = -18*y. What is the remainder when y is divided by 27?
24
Let k(a) = -a + 12. Let o be k(5). Let x(s) = -s**3 + 6*s**2 + 7*s + 7. Let b be x(o). Let j(g) = g - 4. What is the remainder when j(b) is divided by 2?
1
Let r be 1*(19 + 1)*1. Suppose 2*m = -2*m + r. What is the remainder when 8 is divided by m?
3
Calculate the remainder when 54 is divided by 3*6 + -15 + 11.
12
Let q = -43 - -91. Calculate the remainder when q is divided by -10*(75/6)/(-5).
23
Let y be 2/(-5) + (-642)/(-30). Let i = y - 9. Calculate the remainder when 21 is divided by i.
9
Suppose 5 = h - 2. Suppose 36 = x + x. Calculate the remainder when x is divided by h.
4
Let v(z) = 6*z - 1. Let s be v(2). Let c = 26 - s. What is the remainder when 43 is divided by c?
13
Let c = 22 - 6. What is the remainder when c is divided by 5?
1
Let k = 7 - 4. Calculate the remainder when 3/(-9) + 19/k is divided by 4.
2
Suppose -3*v + 4 = -2*v. Let i(o) = o**2 - 5*o + 6. Let j be i(v). Suppose -3*x + 155 = j*x. Calculate the remainder when x is divided by 16.
15
Let h = -9 - -12. Suppose -5*b + 44 = -h*b. What is the remainder when b is divided by 8?
6
Suppose -34 = -4*c + 54. Let m(d) = 3 - 6*d + 3 + 7*d - d**2 + 6*d. What is the remainder when c is divided by m(6)?
10
Suppose -56 = 4*f - a, -2*f - 65 = 4*a - 19. What is the remainder when (0 + 2)/((-10)/f) is divided by 2?
1
Suppose -2*c - 60 = -7*c. What is the remainder when 2 is divided by c - 6 - (-4)/(-1)?
0
Suppose -2*h + 95 = 3*h. What is the remainder when 73 is divided by h?
16
Let t(b) be the first derivative of -b**4/4 - 10*b**3/3 - 9*b**2/2 + 8*b - 2. Suppose 4*i + 18 = 2*i. Calculate the remainder when 14 is divided by t(i).
6
Let n(f) = -19*f + 4. Let t be n(-4). Suppose -7*u + 2*u + t = 0. Calculate the remainder when 30 is divided by u.
14
Let c(w) = -w**2 + 3*w + 38. What is the remainder when c(0) is divided by 7?
3
Let r = 95 + -66. Calculate the remainder when 173 is divided by r.
28
Let i(k) = k**2 - 9*k + 5. Let x be i(9). Suppose 2*d = 4*p - 36, 2*p - x*d + 3*d = 22. What is the remainder when 20 is divided by p?
6
Suppose 5*n = 708 - 273. Suppose -3*c + 33 = 3*q, -c + 71 = 10*q - 5*q. Calculate the remainder when n is divided by q.
12
Let x = 7 - 7. Suppose x*b - 45 = -5*b. What is the remainder when 15 is divided by b?
6
Let f = -43 - -17. Let s = 10 + -4. Let j = s - f. What is the remainder when j is divided by 17?
15
Let f be 1654/22 + 28/(-154). Let w = f - 54. What is the remainder when 82 is divided by w?
19
Let y be 1*(-1 - (-2 + 2)). Let l be 10 + y/(0 - -1). Let j = l + -2. Calculate the remainder when 19 is divided by j.
5
Let d be (-11)/(-3) - (-6)/(-9). Let m(a) = a**3 - a**2 - 4*a + 3. What is the remainder when 16 is divided by m(d)?
7
Let b be (5/4)/(1/8). Let f = -9 + b. Suppose 5*s = f + 19. Calculate the remainder when 6 is divided by s.
2
What is the remainder when 107 is divided by ((-1)/3 + 1)*-8*-3?
11
Let w = -25 + -39. Let y = -39 - w. Suppose 14 = -2*c - 4*p + 32, 5*c - 45 = 5*p. Calculate the remainder when y is divided by c.
7
Let m(x) = 29*x**3 - x**2 - x - 1. Let g be m(-1). Let d = g + 48. Let l(u) = u**2 + 4*u. Calculate the remainder when d is divided by l(-5).
3
Let w(f) = -f**3 - 9*f**2 - f + 2. Calculate the remainder when 40 is divided by w(-9).
7
Suppose q - 3*q + 8 = 0. Suppose -2*m + 5*m + 8 = 2*o, o = -3*m + 13. Calculate the remainder when o is divided by q.
3
Suppose -140 = -5*x - 4*o, -22 = -2*x - 5*o + 17. Suppose 2*z = -3*n + x, 2*z = -n + 10 + 6. What is the remainder when 13 is divided by n?
5
What is the rem